{"id":25551,"date":"2025-10-28T09:20:38","date_gmt":"2025-10-28T09:20:38","guid":{"rendered":"https:\/\/www.hanger-tools.com\/?product=tournevis-porte-embouts-ratcheting-megapro-235-mm-hanger-130005-2"},"modified":"2025-10-31T08:50:22","modified_gmt":"2025-10-31T08:50:22","slug":"tournevis-porte-embouts-ratcheting-megapro-235-mm-hanger-130005-2","status":"publish","type":"product","link":"https:\/\/www.hanger-tools.com\/?product=tournevis-porte-embouts-ratcheting-megapro-235-mm-hanger-130005-2","title":{"rendered":"Tournevis porte-embouts Ratcheting MEGAPRO 235 mm HANGER 130005"},"content":{"rendered":"<p>Ce tournevis porte-embouts magn\u00e9tique \u00e0 cliquet r\u00e9versible est dot\u00e9 d&rsquo;une tige en alliage d&rsquo;acier et d&rsquo;un manche en nylon et r\u00e9sine ABS. Son magasin r\u00e9tractable contient 12 embouts 25 mm. Gr\u00e2ce \u00e0 son capuchon de protection de la paume, vous \u00e9viterez les ampoules sur votre main.<\/p>\n<p><strong>Caract\u00e9ristiques techniques :<\/strong><\/p>\n<ul>\n<li>Nombre d&#8217;embouts : 12 pi\u00e8ces<\/li>\n<li>Tige : acier inoxydable<\/li>\n<li>Manche : Nylon et ABS<\/li>\n<li>Cliquet r\u00e9versible<\/li>\n<\/ul>\n","protected":false},"excerpt":{"rendered":"<p>nan<\/p>\n","protected":false},"featured_media":25550,"template":"","meta":{"_acf_changed":false,"_et_pb_use_builder":"","_et_pb_old_content":"","_et_gb_content_width":"","_cloudinary_featured_overwrite":false},"product_brand":[],"product_cat":[15,4447,4448],"product_tag":[4066],"class_list":{"0":"post-25551","1":"product","2":"type-product","3":"status-publish","4":"has-post-thumbnail","6":"product_cat-produits","7":"product_cat-outils-a-mains","8":"product_cat-tournevis","9":"product_tag-hanger","11":"first","12":"instock","13":"shipping-taxable","14":"purchasable","15":"product-type-simple"},"acf":[],"amp_enabled":false,"_links":{"self":[{"href":"https:\/\/www.hanger-tools.com\/index.php?rest_route=\/wp\/v2\/product\/25551","targetHints":{"allow":["GET"]}}],"collection":[{"href":"https:\/\/www.hanger-tools.com\/index.php?rest_route=\/wp\/v2\/product"}],"about":[{"href":"https:\/\/www.hanger-tools.com\/index.php?rest_route=\/wp\/v2\/types\/product"}],"wp:featuredmedia":[{"embeddable":true,"href":"https:\/\/www.hanger-tools.com\/index.php?rest_route=\/wp\/v2\/media\/25550"}],"wp:attachment":[{"href":"https:\/\/www.hanger-tools.com\/index.php?rest_route=%2Fwp%2Fv2%2Fmedia&parent=25551"}],"wp:term":[{"taxonomy":"product_brand","embeddable":true,"href":"https:\/\/www.hanger-tools.com\/index.php?rest_route=%2Fwp%2Fv2%2Fproduct_brand&post=25551"},{"taxonomy":"product_cat","embeddable":true,"href":"https:\/\/www.hanger-tools.com\/index.php?rest_route=%2Fwp%2Fv2%2Fproduct_cat&post=25551"},{"taxonomy":"product_tag","embeddable":true,"href":"https:\/\/www.hanger-tools.com\/index.php?rest_route=%2Fwp%2Fv2%2Fproduct_tag&post=25551"}],"curies":[{"name":"wp","href":"https:\/\/api.w.org\/{rel}","templated":true}]}}