{"id":25226,"date":"2025-10-28T09:14:12","date_gmt":"2025-10-28T09:14:12","guid":{"rendered":"https:\/\/www.hanger-tools.com\/?product=embout-impact-pz2-longueur-150-mm-hanger-134099-2"},"modified":"2025-10-29T09:29:23","modified_gmt":"2025-10-29T09:29:23","slug":"embout-impact-pz2-longueur-150-mm-hanger-134099-2","status":"publish","type":"product","link":"https:\/\/www.hanger-tools.com\/?product=embout-impact-pz2-longueur-150-mm-hanger-134099-2","title":{"rendered":"Embout impact PZ2 longueur 150 mm HANGER 134099"},"content":{"rendered":"<p>Embout de vissage professionnel pour toutes applications dans l&rsquo;industrie et le b\u00e2timent. Sa grande longueur vous permettra d&rsquo;acc\u00e9der aux endroit difficiles d&rsquo;acc\u00e8s avec votre visseuse.<\/p>\n<p><strong>Caract\u00e9ristiques techniques :<\/strong><\/p>\n<ul>\n<li>S2, qualit\u00e9 impact.<\/li>\n<li>Emmanchement 1\/4\u00a0\u00bb standard.<\/li>\n<li>Longueur : 150 mm.<\/li>\n<\/ul>\n","protected":false},"excerpt":{"rendered":"<p>nan<\/p>\n","protected":false},"featured_media":25225,"template":"","meta":{"_acf_changed":false,"_et_pb_use_builder":"","_et_pb_old_content":"","_et_gb_content_width":"","_cloudinary_featured_overwrite":false},"product_brand":[],"product_cat":[15],"product_tag":[4066],"class_list":{"0":"post-25226","1":"product","2":"type-product","3":"status-publish","4":"has-post-thumbnail","6":"product_cat-produits","7":"product_tag-hanger","9":"first","10":"instock","11":"shipping-taxable","12":"purchasable","13":"product-type-simple"},"acf":[],"amp_enabled":false,"_links":{"self":[{"href":"https:\/\/www.hanger-tools.com\/index.php?rest_route=\/wp\/v2\/product\/25226","targetHints":{"allow":["GET"]}}],"collection":[{"href":"https:\/\/www.hanger-tools.com\/index.php?rest_route=\/wp\/v2\/product"}],"about":[{"href":"https:\/\/www.hanger-tools.com\/index.php?rest_route=\/wp\/v2\/types\/product"}],"wp:featuredmedia":[{"embeddable":true,"href":"https:\/\/www.hanger-tools.com\/index.php?rest_route=\/wp\/v2\/media\/25225"}],"wp:attachment":[{"href":"https:\/\/www.hanger-tools.com\/index.php?rest_route=%2Fwp%2Fv2%2Fmedia&parent=25226"}],"wp:term":[{"taxonomy":"product_brand","embeddable":true,"href":"https:\/\/www.hanger-tools.com\/index.php?rest_route=%2Fwp%2Fv2%2Fproduct_brand&post=25226"},{"taxonomy":"product_cat","embeddable":true,"href":"https:\/\/www.hanger-tools.com\/index.php?rest_route=%2Fwp%2Fv2%2Fproduct_cat&post=25226"},{"taxonomy":"product_tag","embeddable":true,"href":"https:\/\/www.hanger-tools.com\/index.php?rest_route=%2Fwp%2Fv2%2Fproduct_tag&post=25226"}],"curies":[{"name":"wp","href":"https:\/\/api.w.org\/{rel}","templated":true}]}}