{"id":24952,"date":"2025-10-28T09:06:07","date_gmt":"2025-10-28T09:06:07","guid":{"rendered":"https:\/\/www.hanger-tools.com\/?product=porte-outils-cuir-porte-marteau-hanger-510013"},"modified":"2025-10-29T09:26:44","modified_gmt":"2025-10-29T09:26:44","slug":"porte-outils-cuir-porte-marteau-hanger-510013","status":"publish","type":"product","link":"https:\/\/www.hanger-tools.com\/?product=porte-outils-cuir-porte-marteau-hanger-510013","title":{"rendered":"Porte-outils cuir + porte-marteau HANGER 510013"},"content":{"rendered":"<p>Le porte-outils en cuir en daim fendu de la marque Hanger se distingue par sa solidit\u00e9 gr\u00e2ce \u00e0 ses renforts de rivets robustes plac\u00e9s sur les points de tension. Con\u00e7u pour durer, il accompagne les professionnels et bricoleurs exigeants dans toutes leurs t\u00e2ches.<\/p>\n<p>\u00c9quip\u00e9 de multiples poches dont 3 larges, ce porte-outils facilite l&rsquo;acc\u00e8s rapide aux outils les plus utilis\u00e9s. En plus de cela, son crochet porte-marteau, son accroche pour m\u00e8tre ruban et son large passage compatible avec la plupart des ceintures garantissent un rangement efficace et une praticit\u00e9 optimale.<\/p>\n<p>\u00a0<\/p>\n<h3>Caract\u00e9ristiques techniques :<\/h3>\n<ul>\n<li>Multiples poches de rangement<\/li>\n<li>1 crochet porte marteau<\/li>\n<li>Accroche pour m\u00e8tre ruban<\/li>\n<li>Passage large pour aller avec la plupart des ceintures<\/li>\n<li>Renfort de rivet robuste sur les points de tension<\/li>\n<li>Cuir en daim fendu<\/li>\n<\/ul>\n","protected":false},"excerpt":{"rendered":"<p>nan<\/p>\n","protected":false},"featured_media":24951,"template":"","meta":{"_acf_changed":false,"_et_pb_use_builder":"","_et_pb_old_content":"","_et_gb_content_width":"","_cloudinary_featured_overwrite":false},"product_brand":[],"product_cat":[15],"product_tag":[4066],"class_list":{"0":"post-24952","1":"product","2":"type-product","3":"status-publish","4":"has-post-thumbnail","6":"product_cat-produits","7":"product_tag-hanger","9":"first","10":"instock","11":"shipping-taxable","12":"purchasable","13":"product-type-simple"},"acf":[],"amp_enabled":false,"_links":{"self":[{"href":"https:\/\/www.hanger-tools.com\/index.php?rest_route=\/wp\/v2\/product\/24952","targetHints":{"allow":["GET"]}}],"collection":[{"href":"https:\/\/www.hanger-tools.com\/index.php?rest_route=\/wp\/v2\/product"}],"about":[{"href":"https:\/\/www.hanger-tools.com\/index.php?rest_route=\/wp\/v2\/types\/product"}],"wp:featuredmedia":[{"embeddable":true,"href":"https:\/\/www.hanger-tools.com\/index.php?rest_route=\/wp\/v2\/media\/24951"}],"wp:attachment":[{"href":"https:\/\/www.hanger-tools.com\/index.php?rest_route=%2Fwp%2Fv2%2Fmedia&parent=24952"}],"wp:term":[{"taxonomy":"product_brand","embeddable":true,"href":"https:\/\/www.hanger-tools.com\/index.php?rest_route=%2Fwp%2Fv2%2Fproduct_brand&post=24952"},{"taxonomy":"product_cat","embeddable":true,"href":"https:\/\/www.hanger-tools.com\/index.php?rest_route=%2Fwp%2Fv2%2Fproduct_cat&post=24952"},{"taxonomy":"product_tag","embeddable":true,"href":"https:\/\/www.hanger-tools.com\/index.php?rest_route=%2Fwp%2Fv2%2Fproduct_tag&post=24952"}],"curies":[{"name":"wp","href":"https:\/\/api.w.org\/{rel}","templated":true}]}}