{"id":24143,"date":"2025-10-28T08:32:25","date_gmt":"2025-10-28T08:32:25","guid":{"rendered":"https:\/\/www.hanger-tools.com\/?product=bloc-multiprises-etanche-5x2pt-hanger-200008"},"modified":"2025-10-29T09:20:58","modified_gmt":"2025-10-29T09:20:58","slug":"bloc-multiprises-etanche-5x2pt-hanger-200008","status":"publish","type":"product","link":"https:\/\/www.hanger-tools.com\/?product=bloc-multiprises-etanche-5x2pt-hanger-200008","title":{"rendered":"Bloc multiprises \u00e9tanche 5X2P+T HANGER 200008"},"content":{"rendered":"<p>Un bloc multiprise \u00e9tanche HANGER utile pour les environnements ext\u00e9rieurs ou humides. Il est con\u00e7u pour cinq (5) prises 2P+T avec clapet de protection. \u00c9quip\u00e9 d&rsquo;un c\u00e2ble robuste H05RR-F 3G de section 1,5 mm\u00b2, il supporte une tension de 230 V et un courant nominal de 16 A. Son niveau de protection IP44 le rend r\u00e9sistant aux \u00e9claboussures et aux poussi\u00e8res. Ce bloc se distingue aussi par sa couleur rouge qui permet une visibilit\u00e9 renforc\u00e9e, id\u00e9al pour les chantiers ou ateliers, tout en garantissant une utilisation s\u00fbre et conforme aux standards.<\/p>\n<p>\u00a0<\/p>\n<h3>Caract\u00e9ristiques techniques :<\/h3>\n<ul>\n<li>Nombre de prises : 5 (2P+T)<\/li>\n<li>C\u00e2ble H05RR-F 3G 1,5 mm\u00b2<\/li>\n<li>Tension : 230 V<\/li>\n<li>Intensit\u00e9 : 16 A<\/li>\n<li>IP44<\/li>\n<li>Couleur : rouge<\/li>\n<\/ul>\n","protected":false},"excerpt":{"rendered":"<p>nan<\/p>\n","protected":false},"featured_media":24142,"template":"","meta":{"_acf_changed":false,"_et_pb_use_builder":"","_et_pb_old_content":"","_et_gb_content_width":"","_cloudinary_featured_overwrite":false},"product_brand":[],"product_cat":[15],"product_tag":[4066],"class_list":{"0":"post-24143","1":"product","2":"type-product","3":"status-publish","4":"has-post-thumbnail","6":"product_cat-produits","7":"product_tag-hanger","9":"first","10":"instock","11":"shipping-taxable","12":"purchasable","13":"product-type-simple"},"acf":[],"amp_enabled":false,"_links":{"self":[{"href":"https:\/\/www.hanger-tools.com\/index.php?rest_route=\/wp\/v2\/product\/24143","targetHints":{"allow":["GET"]}}],"collection":[{"href":"https:\/\/www.hanger-tools.com\/index.php?rest_route=\/wp\/v2\/product"}],"about":[{"href":"https:\/\/www.hanger-tools.com\/index.php?rest_route=\/wp\/v2\/types\/product"}],"wp:featuredmedia":[{"embeddable":true,"href":"https:\/\/www.hanger-tools.com\/index.php?rest_route=\/wp\/v2\/media\/24142"}],"wp:attachment":[{"href":"https:\/\/www.hanger-tools.com\/index.php?rest_route=%2Fwp%2Fv2%2Fmedia&parent=24143"}],"wp:term":[{"taxonomy":"product_brand","embeddable":true,"href":"https:\/\/www.hanger-tools.com\/index.php?rest_route=%2Fwp%2Fv2%2Fproduct_brand&post=24143"},{"taxonomy":"product_cat","embeddable":true,"href":"https:\/\/www.hanger-tools.com\/index.php?rest_route=%2Fwp%2Fv2%2Fproduct_cat&post=24143"},{"taxonomy":"product_tag","embeddable":true,"href":"https:\/\/www.hanger-tools.com\/index.php?rest_route=%2Fwp%2Fv2%2Fproduct_tag&post=24143"}],"curies":[{"name":"wp","href":"https:\/\/api.w.org\/{rel}","templated":true}]}}