{"id":22459,"date":"2025-08-04T08:34:23","date_gmt":"2025-08-04T08:34:23","guid":{"rendered":"https:\/\/www.hanger-tools.com\/?product=burin-pointu-auto-affutant-sds-250-mm-thor-hanger-155951"},"modified":"2025-10-28T13:35:16","modified_gmt":"2025-10-28T13:35:16","slug":"burin-pointu-auto-affutant-sds-250-mm-thor-hanger-155951","status":"publish","type":"product","link":"https:\/\/www.hanger-tools.com\/?product=burin-pointu-auto-affutant-sds-250-mm-thor-hanger-155951","title":{"rendered":"Burin pointu auto-aff\u00fbtant SDS+ 250 mm THOR HANGER 155951"},"content":{"rendered":"<p>Le burin pointu THOR \u00e0 emmanchement SDS+ offre un effet de rupture plus \u00e9lev\u00e9 qu&rsquo;avec une forme de burin conventionnelle ainsi qu&rsquo;un travail \u00e9conomique et efficace gr\u00e2ce \u00e0 sa haute qualit\u00e9 d&rsquo;acier forg\u00e9. Sa g\u00e9om\u00e9trie innovante facilite l&rsquo;entr\u00e9e et permet un taux d&rsquo;\u00e9limination \u00e9lev\u00e9 et constant.<\/p>\n<p>&#038;nbsp,<\/p>\n<h3>Caract\u00e9ristiques techniques :<\/h3>\n<ul>\n<li>Longueur&#038;nbsp,: 250 mm<\/li>\n<li>G\u00e9om\u00e9trie innovante<\/li>\n<li>Acier de haute qualit\u00e9 et \u00e0 faible usure<\/li>\n<li>Compatible avec tous les marteaux burineurs SDS+<\/li>\n<li>Pour les travaux g\u00e9n\u00e9raux de burinage et de d\u00e9coupe dans le b\u00e9ton, la pierre naturelle et la ma\u00e7onnerie<\/li>\n<\/ul>\n","protected":false},"excerpt":{"rendered":"<p>Le burin pointu THOR \u00e0 emmanchement SDS+ offre un effet de rupture plus \u00e9lev\u00e9 qu&rsquo;avec une forme de burin conventionnelle ainsi qu&rsquo;un travail \u00e9conomique et efficace gr\u00e2ce \u00e0 sa haute qualit\u00e9 d&rsquo;acier forg\u00e9. Sa g\u00e9om\u00e9trie innovante facilite l&rsquo;entr\u00e9e et permet un taux d&rsquo;\u00e9limination \u00e9lev\u00e9 et constant. &#038;nbsp, Caract\u00e9ristiques techniques : Longueur&#038;nbsp,: 250 mm G\u00e9om\u00e9trie innovante [&hellip;]<\/p>\n","protected":false},"featured_media":22085,"template":"","meta":{"_acf_changed":false,"_et_pb_use_builder":"","_et_pb_old_content":"","_et_gb_content_width":"","_cloudinary_featured_overwrite":false},"product_brand":[],"product_cat":[15],"product_tag":[4023],"class_list":{"0":"post-22459","1":"product","2":"type-product","3":"status-publish","4":"has-post-thumbnail","6":"product_cat-produits","7":"product_tag-burin-et-pic-sds-plus","9":"first","10":"outofstock","11":"shipping-taxable","12":"product-type-simple"},"acf":[],"amp_enabled":false,"_links":{"self":[{"href":"https:\/\/www.hanger-tools.com\/index.php?rest_route=\/wp\/v2\/product\/22459","targetHints":{"allow":["GET"]}}],"collection":[{"href":"https:\/\/www.hanger-tools.com\/index.php?rest_route=\/wp\/v2\/product"}],"about":[{"href":"https:\/\/www.hanger-tools.com\/index.php?rest_route=\/wp\/v2\/types\/product"}],"wp:featuredmedia":[{"embeddable":true,"href":"https:\/\/www.hanger-tools.com\/index.php?rest_route=\/wp\/v2\/media\/22085"}],"wp:attachment":[{"href":"https:\/\/www.hanger-tools.com\/index.php?rest_route=%2Fwp%2Fv2%2Fmedia&parent=22459"}],"wp:term":[{"taxonomy":"product_brand","embeddable":true,"href":"https:\/\/www.hanger-tools.com\/index.php?rest_route=%2Fwp%2Fv2%2Fproduct_brand&post=22459"},{"taxonomy":"product_cat","embeddable":true,"href":"https:\/\/www.hanger-tools.com\/index.php?rest_route=%2Fwp%2Fv2%2Fproduct_cat&post=22459"},{"taxonomy":"product_tag","embeddable":true,"href":"https:\/\/www.hanger-tools.com\/index.php?rest_route=%2Fwp%2Fv2%2Fproduct_tag&post=22459"}],"curies":[{"name":"wp","href":"https:\/\/api.w.org\/{rel}","templated":true}]}}