{"id":22454,"date":"2025-08-04T08:34:20","date_gmt":"2025-08-04T08:34:20","guid":{"rendered":"https:\/\/www.hanger-tools.com\/?product=coffret-de-16-meches-plates-hanger-156050"},"modified":"2025-08-06T10:00:47","modified_gmt":"2025-08-06T10:00:47","slug":"coffret-de-16-meches-plates-hanger-156050","status":"publish","type":"product","link":"https:\/\/www.hanger-tools.com\/?product=coffret-de-16-meches-plates-hanger-156050","title":{"rendered":"Coffret de 16 m\u00e8ches plates HANGER 156050"},"content":{"rendered":"<p>Ce coffret de 16 m\u00e8ches plates de Hanger est adapt\u00e9 \u00e0 tous les types de bois. Sa capacit\u00e9 de coupe \u00e9lev\u00e9e est assur\u00e9e par un couteau robuste. De plus, il garantit un per\u00e7age propre et pr\u00e9cis, id\u00e9al pour les artisans et les bricoleurs.<\/p>\n<p>&#038;nbsp,<\/p>\n<p><b>Caract\u00e9ristiques techniques :<\/b><\/p>\n<ul>\n<li>Queue : 6 pans<\/li>\n<li>Longueur totale : 150 mm<\/li>\n<\/ul>\n","protected":false},"excerpt":{"rendered":"<p>Ce coffret de 16 m\u00e8ches plates de Hanger est adapt\u00e9 \u00e0 tous les types de bois. Sa capacit\u00e9 de coupe \u00e9lev\u00e9e est assur\u00e9e par un couteau robuste. De plus, il garantit un per\u00e7age propre et pr\u00e9cis, id\u00e9al pour les artisans et les bricoleurs. &#038;nbsp, Caract\u00e9ristiques techniques : Queue : 6 pans Longueur totale : 150 [&hellip;]<\/p>\n","protected":false},"featured_media":22195,"template":"","meta":{"_acf_changed":false,"_et_pb_use_builder":"","_et_pb_old_content":"","_et_gb_content_width":"","_cloudinary_featured_overwrite":false},"product_brand":[],"product_cat":[15],"product_tag":[4021],"class_list":{"0":"post-22454","1":"product","2":"type-product","3":"status-publish","4":"has-post-thumbnail","6":"product_cat-produits","7":"product_tag-meche","9":"first","10":"outofstock","11":"shipping-taxable","12":"product-type-simple"},"acf":[],"amp_enabled":false,"_links":{"self":[{"href":"https:\/\/www.hanger-tools.com\/index.php?rest_route=\/wp\/v2\/product\/22454","targetHints":{"allow":["GET"]}}],"collection":[{"href":"https:\/\/www.hanger-tools.com\/index.php?rest_route=\/wp\/v2\/product"}],"about":[{"href":"https:\/\/www.hanger-tools.com\/index.php?rest_route=\/wp\/v2\/types\/product"}],"wp:featuredmedia":[{"embeddable":true,"href":"https:\/\/www.hanger-tools.com\/index.php?rest_route=\/wp\/v2\/media\/22195"}],"wp:attachment":[{"href":"https:\/\/www.hanger-tools.com\/index.php?rest_route=%2Fwp%2Fv2%2Fmedia&parent=22454"}],"wp:term":[{"taxonomy":"product_brand","embeddable":true,"href":"https:\/\/www.hanger-tools.com\/index.php?rest_route=%2Fwp%2Fv2%2Fproduct_brand&post=22454"},{"taxonomy":"product_cat","embeddable":true,"href":"https:\/\/www.hanger-tools.com\/index.php?rest_route=%2Fwp%2Fv2%2Fproduct_cat&post=22454"},{"taxonomy":"product_tag","embeddable":true,"href":"https:\/\/www.hanger-tools.com\/index.php?rest_route=%2Fwp%2Fv2%2Fproduct_tag&post=22454"}],"curies":[{"name":"wp","href":"https:\/\/api.w.org\/{rel}","templated":true}]}}