{"id":21421,"date":"2025-08-01T14:21:18","date_gmt":"2025-08-01T14:21:18","guid":{"rendered":"https:\/\/www.hanger-tools.com\/?product=diable-repliable-en-aluminium-125-kgs-hanger-100301"},"modified":"2025-10-31T09:33:38","modified_gmt":"2025-10-31T09:33:38","slug":"diable-repliable-en-aluminium-125-kgs-hanger-100301","status":"publish","type":"product","link":"https:\/\/www.hanger-tools.com\/?product=diable-repliable-en-aluminium-125-kgs-hanger-100301","title":{"rendered":"Diable repliable en aluminium 125 kgs HANGER 100301"},"content":{"rendered":"<p>Diable pliable en aluminium id\u00e9al pour transporter tous vos colis. Il est capable de supporter des charges allant jusqu&rsquo;\u00e0 125 kg maximum.<\/p>\n<p>Enti\u00e8rement pliable, ce diable est simple \u00e0 manipuler et pratique \u00e0 transporter. Gr\u00e2ce \u00e0 son tendeur \u00e9lastique, vous pourrez transporter vos colis dans le plus grand des conforts.<\/p>\n<\/p>\n<h3>Caract\u00e9ristiques techniques :<\/h3>\n<ul>\n<li>Dimensions d\u00e9pli\u00e9 : 50 x 52 x 107 cm<\/li>\n<li>Dimensions pli\u00e9 : 49 x 6,5 x 77 cm<\/li>\n<li>Capacit\u00e9 de charge max : 125 kg<\/li>\n<\/ul>\n","protected":false},"excerpt":{"rendered":"<p>Repliable pour un rangement facileGrande capacit\u00e9 de charge maximale<\/p>\n","protected":false},"featured_media":19487,"template":"","meta":{"_acf_changed":false,"_et_pb_use_builder":"","_et_pb_old_content":"","_et_gb_content_width":"","_cloudinary_featured_overwrite":false},"product_brand":[],"product_cat":[15,4460,4466],"product_tag":[3917],"class_list":{"0":"post-21421","1":"product","2":"type-product","3":"status-publish","4":"has-post-thumbnail","6":"product_cat-produits","7":"product_cat-accessoire","8":"product_cat-rangement-transport","9":"product_tag-diable","11":"first","12":"outofstock","13":"shipping-taxable","14":"product-type-simple"},"acf":[],"amp_enabled":false,"_links":{"self":[{"href":"https:\/\/www.hanger-tools.com\/index.php?rest_route=\/wp\/v2\/product\/21421","targetHints":{"allow":["GET"]}}],"collection":[{"href":"https:\/\/www.hanger-tools.com\/index.php?rest_route=\/wp\/v2\/product"}],"about":[{"href":"https:\/\/www.hanger-tools.com\/index.php?rest_route=\/wp\/v2\/types\/product"}],"wp:featuredmedia":[{"embeddable":true,"href":"https:\/\/www.hanger-tools.com\/index.php?rest_route=\/wp\/v2\/media\/19487"}],"wp:attachment":[{"href":"https:\/\/www.hanger-tools.com\/index.php?rest_route=%2Fwp%2Fv2%2Fmedia&parent=21421"}],"wp:term":[{"taxonomy":"product_brand","embeddable":true,"href":"https:\/\/www.hanger-tools.com\/index.php?rest_route=%2Fwp%2Fv2%2Fproduct_brand&post=21421"},{"taxonomy":"product_cat","embeddable":true,"href":"https:\/\/www.hanger-tools.com\/index.php?rest_route=%2Fwp%2Fv2%2Fproduct_cat&post=21421"},{"taxonomy":"product_tag","embeddable":true,"href":"https:\/\/www.hanger-tools.com\/index.php?rest_route=%2Fwp%2Fv2%2Fproduct_tag&post=21421"}],"curies":[{"name":"wp","href":"https:\/\/api.w.org\/{rel}","templated":true}]}}