{"id":21420,"date":"2025-08-01T14:21:17","date_gmt":"2025-08-01T14:21:17","guid":{"rendered":"https:\/\/www.hanger-tools.com\/?product=escabeau-aluminium-maxibat-3-marches-hanger-100200"},"modified":"2025-10-28T13:35:17","modified_gmt":"2025-10-28T13:35:17","slug":"escabeau-aluminium-maxibat-3-marches-hanger-100200","status":"publish","type":"product","link":"https:\/\/www.hanger-tools.com\/?product=escabeau-aluminium-maxibat-3-marches-hanger-100200","title":{"rendered":"Escabeau aluminium &lsquo;MaxiBat&rsquo; 3 marches HANGER 100200"},"content":{"rendered":"<p>Le marchepied MAXIBAT de la marque Hanger dispose de marches de 80 mm d\u2019\u00e9paisseur, garantissant un \u00e9quilibre optimal. Il est \u00e9quip\u00e9 d\u2019un porte outils avec crochet porte seau et d\u2019un logement pour perceuse. Cet outil est con\u00e7u pour des travaux intensifs gr\u00e2ce \u00e0 son repose pieds en aluminium moul\u00e9. Avec ses sabots enveloppants haute s\u00e9curit\u00e9, le MAXIBAT de Hanger offre une grande stabilit\u00e9 au sol.<\/p>\n<\/p>\n<p><b>Caract\u00e9ristiques techniques :<\/b><\/p>\n<ul>\n<li>Mati\u00e8re : aluminium<\/li>\n<li>\u00c9paisseur des marches : 80 mm<\/li>\n<li>Repose pieds : 280 x 250 mm<\/li>\n<\/ul>\n","protected":false},"excerpt":{"rendered":"<p>\u2022Grande stabilit\u00e9 au sol.\u2022Se d\u00e9plie et se replie facilement.\u2022Porte outils avec crochet porte seau int\u00e9gr\u00e9.<\/p>\n","protected":false},"featured_media":20869,"template":"","meta":{"_acf_changed":false,"_et_pb_use_builder":"","_et_pb_old_content":"","_et_gb_content_width":"","_cloudinary_featured_overwrite":false},"product_brand":[],"product_cat":[15],"product_tag":[3991],"class_list":{"0":"post-21420","1":"product","2":"type-product","3":"status-publish","4":"has-post-thumbnail","6":"product_cat-produits","7":"product_tag-marchepied","9":"first","10":"outofstock","11":"shipping-taxable","12":"product-type-simple"},"acf":[],"amp_enabled":false,"_links":{"self":[{"href":"https:\/\/www.hanger-tools.com\/index.php?rest_route=\/wp\/v2\/product\/21420","targetHints":{"allow":["GET"]}}],"collection":[{"href":"https:\/\/www.hanger-tools.com\/index.php?rest_route=\/wp\/v2\/product"}],"about":[{"href":"https:\/\/www.hanger-tools.com\/index.php?rest_route=\/wp\/v2\/types\/product"}],"wp:featuredmedia":[{"embeddable":true,"href":"https:\/\/www.hanger-tools.com\/index.php?rest_route=\/wp\/v2\/media\/20869"}],"wp:attachment":[{"href":"https:\/\/www.hanger-tools.com\/index.php?rest_route=%2Fwp%2Fv2%2Fmedia&parent=21420"}],"wp:term":[{"taxonomy":"product_brand","embeddable":true,"href":"https:\/\/www.hanger-tools.com\/index.php?rest_route=%2Fwp%2Fv2%2Fproduct_brand&post=21420"},{"taxonomy":"product_cat","embeddable":true,"href":"https:\/\/www.hanger-tools.com\/index.php?rest_route=%2Fwp%2Fv2%2Fproduct_cat&post=21420"},{"taxonomy":"product_tag","embeddable":true,"href":"https:\/\/www.hanger-tools.com\/index.php?rest_route=%2Fwp%2Fv2%2Fproduct_tag&post=21420"}],"curies":[{"name":"wp","href":"https:\/\/api.w.org\/{rel}","templated":true}]}}