{"id":21327,"date":"2025-08-01T14:19:53","date_gmt":"2025-08-01T14:19:53","guid":{"rendered":"https:\/\/www.hanger-tools.com\/?product=foret-pilote-pour-mandrins-st2-et-st3-hanger-150465"},"modified":"2025-10-28T13:35:39","modified_gmt":"2025-10-28T13:35:39","slug":"foret-pilote-pour-mandrins-st2-et-st3-hanger-150465","status":"publish","type":"product","link":"https:\/\/www.hanger-tools.com\/?product=foret-pilote-pour-mandrins-st2-et-st3-hanger-150465","title":{"rendered":"Foret pilote pour mandrins ST2 et ST3 HANGER 150465"},"content":{"rendered":"<p>Ce foret pilote ST de la marque Hanger offre une grande polyvalence, s&rsquo;adaptant \u00e0 une vari\u00e9t\u00e9 de mandrins. Il permet ainsi de r\u00e9aliser une multitude de travaux de per\u00e7age.<\/p>\n<p>Fabriqu\u00e9 en acier HSS (acier rapide), le foret pilote assure une fiabilit\u00e9 \u00e0 toute \u00e9preuve. Cette mati\u00e8re de haute qualit\u00e9 offre une r\u00e9sistance sup\u00e9rieure \u00e0 l&rsquo;usure et une durabilit\u00e9 accrue, garantissant ainsi une performance optimale.<\/p>\n<\/p>\n<p><b>Caract\u00e9ristiques techniques:<\/b><\/p>\n<ul>\n<li>Foret : HSS<\/li>\n<li>Diam\u00e8tre : 6,35 mm<\/li>\n<\/ul>\n","protected":false},"excerpt":{"rendered":"<p>Durabilit\u00e9 accrueAssure un centrage pr\u00e9cis<\/p>\n","protected":false},"featured_media":18049,"template":"","meta":{"_acf_changed":false,"_et_pb_use_builder":"","_et_pb_old_content":"","_et_gb_content_width":"","_cloudinary_featured_overwrite":false},"product_brand":[],"product_cat":[15],"product_tag":[3938],"class_list":{"0":"post-21327","1":"product","2":"type-product","3":"status-publish","4":"has-post-thumbnail","6":"product_cat-produits","7":"product_tag-foret-pilote","9":"first","10":"outofstock","11":"shipping-taxable","12":"product-type-simple"},"acf":[],"amp_enabled":false,"_links":{"self":[{"href":"https:\/\/www.hanger-tools.com\/index.php?rest_route=\/wp\/v2\/product\/21327","targetHints":{"allow":["GET"]}}],"collection":[{"href":"https:\/\/www.hanger-tools.com\/index.php?rest_route=\/wp\/v2\/product"}],"about":[{"href":"https:\/\/www.hanger-tools.com\/index.php?rest_route=\/wp\/v2\/types\/product"}],"wp:featuredmedia":[{"embeddable":true,"href":"https:\/\/www.hanger-tools.com\/index.php?rest_route=\/wp\/v2\/media\/18049"}],"wp:attachment":[{"href":"https:\/\/www.hanger-tools.com\/index.php?rest_route=%2Fwp%2Fv2%2Fmedia&parent=21327"}],"wp:term":[{"taxonomy":"product_brand","embeddable":true,"href":"https:\/\/www.hanger-tools.com\/index.php?rest_route=%2Fwp%2Fv2%2Fproduct_brand&post=21327"},{"taxonomy":"product_cat","embeddable":true,"href":"https:\/\/www.hanger-tools.com\/index.php?rest_route=%2Fwp%2Fv2%2Fproduct_cat&post=21327"},{"taxonomy":"product_tag","embeddable":true,"href":"https:\/\/www.hanger-tools.com\/index.php?rest_route=%2Fwp%2Fv2%2Fproduct_tag&post=21327"}],"curies":[{"name":"wp","href":"https:\/\/api.w.org\/{rel}","templated":true}]}}