{"id":21172,"date":"2025-08-01T14:17:52","date_gmt":"2025-08-01T14:17:52","guid":{"rendered":"https:\/\/www.hanger-tools.com\/?product=tournevis-porte-embouts-reversibles-tamperproof-hanger-130003"},"modified":"2025-10-28T13:35:44","modified_gmt":"2025-10-28T13:35:44","slug":"tournevis-porte-embouts-reversibles-tamperproof-hanger-130003","status":"publish","type":"product","link":"https:\/\/www.hanger-tools.com\/?product=tournevis-porte-embouts-reversibles-tamperproof-hanger-130003","title":{"rendered":"Tournevis porte embouts r\u00e9versibles Tamperproof HANGER 130003"},"content":{"rendered":"<p>Ce tournevis Tamperproof dispose d&rsquo;un magasin r\u00e9tractable comprenant 7 embouts r\u00e9versibles \u00e0 bille. Il est id\u00e9al pour les \u00e9lectriciens, les serruriers, les techniciens du t\u00e9l\u00e9phone, et toute personne qui utilise des embouts de s\u00e9curit\u00e9. Il est \u00e9quip\u00e9 d&rsquo;une bague de guidage pour faciliter son utilisation. Sa tige est \u00e9quip\u00e9e d&rsquo;un aimant pour plus d&rsquo;efficacit\u00e9.<\/p>\n<\/p>\n<p><b>Caract\u00e9ristiques techniques :<\/b><\/p>\n<ul>\n<li>Nombre d&#8217;embouts : 7<\/li>\n<li>Embouts r\u00e9versibles \u00e0 bille<\/li>\n<li>Tige : acier<\/li>\n<\/ul>\n","protected":false},"excerpt":{"rendered":"<p>Un ensemble de 14 embouts sp\u00e9ciaux les plus utilis\u00e9s dans les travaux de serrageId\u00e9al pour les \u00e9lectriciens ou les serruriers Conception robuste assurant une meilleure r\u00e9sistance \u00e0 l&rsquo;usure<\/p>\n","protected":false},"featured_media":17974,"template":"","meta":{"_acf_changed":false,"_et_pb_use_builder":"","_et_pb_old_content":"","_et_gb_content_width":"","_cloudinary_featured_overwrite":false},"product_brand":[],"product_cat":[15],"product_tag":[3859],"class_list":{"0":"post-21172","1":"product","2":"type-product","3":"status-publish","4":"has-post-thumbnail","6":"product_cat-produits","7":"product_tag-tournevis-megapro","9":"first","10":"outofstock","11":"shipping-taxable","12":"product-type-simple"},"acf":[],"amp_enabled":false,"_links":{"self":[{"href":"https:\/\/www.hanger-tools.com\/index.php?rest_route=\/wp\/v2\/product\/21172","targetHints":{"allow":["GET"]}}],"collection":[{"href":"https:\/\/www.hanger-tools.com\/index.php?rest_route=\/wp\/v2\/product"}],"about":[{"href":"https:\/\/www.hanger-tools.com\/index.php?rest_route=\/wp\/v2\/types\/product"}],"wp:featuredmedia":[{"embeddable":true,"href":"https:\/\/www.hanger-tools.com\/index.php?rest_route=\/wp\/v2\/media\/17974"}],"wp:attachment":[{"href":"https:\/\/www.hanger-tools.com\/index.php?rest_route=%2Fwp%2Fv2%2Fmedia&parent=21172"}],"wp:term":[{"taxonomy":"product_brand","embeddable":true,"href":"https:\/\/www.hanger-tools.com\/index.php?rest_route=%2Fwp%2Fv2%2Fproduct_brand&post=21172"},{"taxonomy":"product_cat","embeddable":true,"href":"https:\/\/www.hanger-tools.com\/index.php?rest_route=%2Fwp%2Fv2%2Fproduct_cat&post=21172"},{"taxonomy":"product_tag","embeddable":true,"href":"https:\/\/www.hanger-tools.com\/index.php?rest_route=%2Fwp%2Fv2%2Fproduct_tag&post=21172"}],"curies":[{"name":"wp","href":"https:\/\/api.w.org\/{rel}","templated":true}]}}